{"id":1797,"date":"2023-06-08T11:42:13","date_gmt":"2023-06-08T11:42:13","guid":{"rendered":"https:\/\/igffb.de\/?page_id=1797"},"modified":"2023-06-15T19:00:16","modified_gmt":"2023-06-15T19:00:16","slug":"umfragen-und-feedback","status":"publish","type":"page","link":"https:\/\/igffb.de\/?page_id=1797","title":{"rendered":"Umfragen und Feedback"},"content":{"rendered":"\n<div class=\"wp-block-group has-background is-nowrap is-layout-flex wp-container-core-group-is-layout-18cddf7d wp-block-group-is-layout-flex\" style=\"background-color:#ebdcc538;padding-top:var(--wp--preset--spacing--40);padding-bottom:var(--wp--preset--spacing--40);padding-left:var(--wp--preset--spacing--70)\">\n<p style=\"margin-top:0;margin-bottom:0;padding-top:var(--wp--preset--spacing--30);padding-bottom:var(--wp--preset--spacing--30);padding-left:0;line-height:2\">Das <strong>Institut f\u00fcr Gegenwartsfragen in der<\/strong> <strong>Fr\u00fchen Bildung<\/strong> bietet Kita-Tr\u00e4gern und Kitas an, onlinegest\u00fctzte Frageb\u00f6gen zur Befragung von Eltern und Mitarbeiter:innen zu entwickeln und strukturiert auszuwerten.<\/p>\n<\/div>\n\n\n\n<div class=\"wp-block-columns is-layout-flex wp-container-core-columns-is-layout-82f26335 wp-block-columns-is-layout-flex\" style=\"padding-right:var(--wp--preset--spacing--50);padding-left:var(--wp--preset--spacing--50)\">\n<div class=\"wp-block-column is-layout-flow wp-block-column-is-layout-flow\">\n<p style=\"padding-right:var(--wp--preset--spacing--50);padding-left:var(--wp--preset--spacing--50);line-height:2\">Sie m\u00f6chten die Qualit\u00e4t ihrer Kita \u00fcberpr\u00fcfen und m\u00f6chten deshalb mehr dar\u00fcber wissen, wie Eltern das Leitungshandeln sowie die p\u00e4dagogische Arbeit der Fachkr\u00e4fte in Ihrer Kita bzw. Ihren Kitas einsch\u00e4tzen? <br>Sie wollen Ihre Mitarbeiter:innen-Bindung st\u00e4rken und einen genaueren Einblick dar\u00fcber erhalten, wie zufrieden Ihre Mitarbeiter:innen sind und wie Sie ggf. die Arbeitsplatzattraktivit\u00e4t erh\u00f6hen k\u00f6nnen?<\/p>\n\n\n\n<p style=\"padding-right:var(--wp--preset--spacing--50);padding-left:var(--wp--preset--spacing--50);line-height:2\">Wir suchen mit Ihnen den passenden und g\u00fcnstigsten Anbieter onlinegest\u00fctzter Frageb\u00f6gen, entwickeln mit Ihnen Eltern- oder Mitarbeiter:innen-Umfragen, f\u00fchren die Umfragen f\u00fcr Sie durch und werten diese nach Ihren Bed\u00fcrfnissen aus. <br>Auf Wunsch pr\u00e4sentieren wir Ihnen die Umfrageergebnisse in Form eines schriftlichen Berichts oder im Rahmen eines Auswertungsgespr\u00e4chs bzw. Workshops und reflektieren mit Ihnen vor dem Hintergrund der Befragungsergebnisse m\u00f6gliche Handlungsstrategien f\u00fcr Ihren Tr\u00e4ger bzw. Ihre Kita(s).<\/p>\n<\/div>\n<\/div>\n","protected":false},"excerpt":{"rendered":"<p>Das Institut f\u00fcr Gegenwartsfragen in der Fr\u00fchen Bildung bietet Kita-Tr\u00e4gern und Kitas an, onlinegest\u00fctzte Frageb\u00f6gen zur Befragung von Eltern und Mitarbeiter:innen zu entwickeln und strukturiert auszuwerten. Sie m\u00f6chten die Qualit\u00e4t ihrer Kita \u00fcberpr\u00fcfen und m\u00f6chten deshalb mehr dar\u00fcber wissen, wie Eltern das Leitungshandeln sowie die p\u00e4dagogische Arbeit der Fachkr\u00e4fte in Ihrer Kita bzw. Ihren Kitas [&hellip;]<\/p>\n","protected":false},"author":1,"featured_media":0,"parent":0,"menu_order":0,"comment_status":"closed","ping_status":"closed","template":"","meta":{"zakra_page_container_layout":"customizer","zakra_page_sidebar_layout":"customizer","zakra_remove_content_margin":false,"zakra_sidebar":"customizer","zakra_transparent_header":"customizer","zakra_logo":0,"zakra_main_header_style":"default","zakra_menu_item_color":"","zakra_menu_item_hover_color":"","zakra_menu_item_active_color":"","zakra_menu_active_style":"","zakra_page_header":true,"footnotes":""},"class_list":["post-1797","page","type-page","status-publish","hentry"],"_links":{"self":[{"href":"https:\/\/igffb.de\/index.php?rest_route=\/wp\/v2\/pages\/1797","targetHints":{"allow":["GET"]}}],"collection":[{"href":"https:\/\/igffb.de\/index.php?rest_route=\/wp\/v2\/pages"}],"about":[{"href":"https:\/\/igffb.de\/index.php?rest_route=\/wp\/v2\/types\/page"}],"author":[{"embeddable":true,"href":"https:\/\/igffb.de\/index.php?rest_route=\/wp\/v2\/users\/1"}],"replies":[{"embeddable":true,"href":"https:\/\/igffb.de\/index.php?rest_route=%2Fwp%2Fv2%2Fcomments&post=1797"}],"version-history":[{"count":11,"href":"https:\/\/igffb.de\/index.php?rest_route=\/wp\/v2\/pages\/1797\/revisions"}],"predecessor-version":[{"id":1818,"href":"https:\/\/igffb.de\/index.php?rest_route=\/wp\/v2\/pages\/1797\/revisions\/1818"}],"wp:attachment":[{"href":"https:\/\/igffb.de\/index.php?rest_route=%2Fwp%2Fv2%2Fmedia&parent=1797"}],"curies":[{"name":"wp","href":"https:\/\/api.w.org\/{rel}","templated":true}]}}