{"id":1075,"date":"2023-03-23T16:28:57","date_gmt":"2023-03-23T16:28:57","guid":{"rendered":"http:\/\/igffb.pat-ex.de\/?page_id=572"},"modified":"2023-04-25T08:17:03","modified_gmt":"2023-04-25T08:17:03","slug":"medienpaedagogik-digital","status":"publish","type":"page","link":"https:\/\/igffb.de\/?page_id=1075","title":{"rendered":"Digitale Transformation"},"content":{"rendered":"\n<div class=\"wp-block-group alignwide is-layout-constrained wp-container-core-group-is-layout-c703adb3 wp-block-group-is-layout-constrained\" style=\"border-style:none;border-width:0px;margin-top:0;margin-bottom:0;padding-top:0;padding-right:0;padding-bottom:0;padding-left:0\">\n<div class=\"wp-block-columns alignwide is-layout-flex wp-container-core-columns-is-layout-64b0464f wp-block-columns-is-layout-flex\" style=\"margin-top:0;margin-bottom:var(--wp--preset--spacing--20);padding-top:0;padding-right:0;padding-bottom:0;padding-left:0\">\n<div class=\"wp-block-column is-layout-flow wp-block-column-is-layout-flow\" style=\"padding-right:0;padding-left:0;flex-basis:66.66%\">\n<p style=\"margin-top:0;margin-right:0;margin-bottom:0;margin-left:0;padding-top:0;padding-right:0;padding-bottom:0;padding-left:0;font-size:30px;line-height:1.3\"><strong>Medienwechselkompetenz<\/strong> &#8211; <strong>technisch <em>und <\/em>didaktisch<\/strong><\/p>\n\n\n\n<p style=\"margin-top:0;margin-right:0;margin-bottom:0;margin-left:0;padding-top:0;padding-right:0;padding-bottom:0;padding-left:0;font-size:18px;line-height:1.8\">Digitalisierung ist ein umfassender Prozess, der immer sowohl organisatorische als auch inhaltliche, also p\u00e4dagogisch-didaktische Aspekte von Bildungsinstitutionen ber\u00fchrt, herausfordert und ver\u00e4ndert. <br>F\u00fcr uns geh\u00f6rt beides untrennbar zusammen: Organisation, Technik und Didaktik. <br>Bei der Entwicklung der dazu n\u00f6tigen Medienwechselkompetenz m\u00f6chten wir Sie unterst\u00fctzen.<\/p>\n<\/div>\n\n\n\n<div class=\"wp-block-column is-layout-flow wp-block-column-is-layout-flow\">\n<figure class=\"wp-block-video\"><video height=\"480\" style=\"aspect-ratio: 720 \/ 480;\" width=\"720\" controls poster=\"https:\/\/igffb.de\/wp-content\/uploads\/2023\/03\/Schaedler-450x300-n.jpg\" preload=\"auto\" src=\"https:\/\/igffb.de\/wp-content\/uploads\/2023\/03\/IGFFB-Interview-Sebastian-1-Digitalisierung-Kita-Ohne-Fragen.mp4\"><\/video><figcaption class=\"wp-element-caption\"><strong>Sebastian Sch\u00e4dler: Digitalisierung in der Kita<\/strong><\/figcaption><\/figure>\n<\/div>\n<\/div>\n<\/div>\n\n\n\n<div class=\"wp-block-columns alignwide has-background is-layout-flex wp-container-core-columns-is-layout-1c4266a0 wp-block-columns-is-layout-flex\" style=\"background-color:#c0c2ab21;margin-top:var(--wp--preset--spacing--60);margin-bottom:0;padding-top:var(--wp--preset--spacing--40);padding-right:var(--wp--preset--spacing--60);padding-bottom:var(--wp--preset--spacing--40);padding-left:var(--wp--preset--spacing--60)\">\n<div class=\"wp-block-column is-layout-flow wp-block-column-is-layout-flow\" style=\"padding-left:var(--wp--preset--spacing--50);font-size:40px\">\n<h2 class=\"wp-block-heading\" style=\"margin-left:0;padding-left:0;font-size:30px\">Bestandsanalyse<br>&amp; Perspektiven<\/h2>\n<\/div>\n\n\n\n<div class=\"wp-block-column is-layout-flow wp-block-column-is-layout-flow\" style=\"font-size:40px\">\n<h2 class=\"wp-block-heading\" style=\"font-size:30px\">Beratung <br>&amp; Begleitung<\/h2>\n<\/div>\n\n\n\n<div class=\"wp-block-column is-layout-flow wp-block-column-is-layout-flow\">\n<h2 class=\"wp-block-heading\" style=\"padding-left:var(--wp--preset--spacing--30);font-size:30px\">Fortbildungen <br>&amp; Vortr\u00e4ge<\/h2>\n<\/div>\n<\/div>\n\n\n\n<div class=\"wp-block-columns alignwide has-background is-layout-flex wp-container-core-columns-is-layout-dad3e275 wp-block-columns-is-layout-flex\" style=\"background-color:#ffffff00;margin-top:0;margin-bottom:0;padding-top:var(--wp--preset--spacing--40);padding-right:0;padding-bottom:var(--wp--preset--spacing--40);padding-left:var(--wp--preset--spacing--50)\">\n<div class=\"wp-block-column is-layout-flow wp-block-column-is-layout-flow\" style=\"font-size:40px\">\n<p style=\"padding-top:0;padding-right:var(--wp--preset--spacing--30);padding-left:var(--wp--preset--spacing--50);font-size:18px;font-style:normal;font-weight:700;line-height:2\">Sie m\u00f6chten dar\u00fcber nachdenken, ob Digitalisierung der richtige Weg f\u00fcr Ihren Kita-Tr\u00e4ger ist oder welche Potenziale Ihr Kita-Tr\u00e4ger f\u00fcr digitale Transformationsprozesse aufweist? <\/p>\n<\/div>\n\n\n\n<div class=\"wp-block-column is-layout-flow wp-block-column-is-layout-flow\" style=\"font-size:40px\">\n<p style=\"padding-right:var(--wp--preset--spacing--30);padding-left:var(--wp--preset--spacing--30);font-size:18px;font-style:normal;font-weight:700;line-height:2\">Sie m\u00f6chten einen Digitalisierungsprozess starten oder Ihren bisherigen Digitalisierungsprozess weiterentwickeln? Sie wollen Ihren Mitarbeiter:innen weitergehende Medienkompetenzen erm\u00f6glichen?<\/p>\n<\/div>\n\n\n\n<div class=\"wp-block-column is-layout-flow wp-block-column-is-layout-flow\">\n<h2 class=\"wp-block-heading\" style=\"margin-right:0;margin-left:0;padding-right:var(--wp--preset--spacing--30);padding-left:0;font-size:18px;font-style:normal;font-weight:700;line-height:2\">Sie interessieren sich f\u00fcr Fortbildungen, Workshops oder Vortr\u00e4ge zu den Themen \u201eDigitale Transformation\u201c und \u201eMedienbildung\u201c?<\/h2>\n<\/div>\n<\/div>\n\n\n\n<div class=\"wp-block-columns alignwide has-background is-layout-flex wp-container-core-columns-is-layout-21d3e635 wp-block-columns-is-layout-flex\" style=\"background-color:#c0c2ab21;margin-top:var(--wp--preset--spacing--60);margin-bottom:0;padding-top:var(--wp--preset--spacing--20);padding-right:var(--wp--preset--spacing--60);padding-bottom:var(--wp--preset--spacing--20);padding-left:var(--wp--preset--spacing--60)\">\n<div class=\"wp-block-column is-layout-flow wp-block-column-is-layout-flow\" style=\"font-size:40px\">\n<p style=\"font-size:18px;line-height:2\">Wir reflektieren mit Ihnen sowohl den Stand der \u201eDigitalisierung\u201c Ihres Tr\u00e4gers als auch der Medienkompetenz ihrer Mitarbeiter<ins>:in<\/ins>nen. Wir er\u00f6rtern Ihre Bedarfe hinsichtlich der Weiterentwicklung der digitalen Infrastruktur und der Konzepte der Medienbildung. <\/p>\n<\/div>\n\n\n\n<div class=\"wp-block-column is-layout-flow wp-block-column-is-layout-flow\" style=\"font-size:40px\">\n<p style=\"margin-left:var(--wp--preset--spacing--30);font-size:18px;line-height:2\">Wir begleiten und beraten Sie prozesshaft bei der Implementierung von digitalen Transformationsstrategien bzw. der Durchf\u00fchrung von Medienbildungsseminaren. Wir entwickeln mit Ihnen Ideen f\u00fcr die Digitalisierung Ihres Kita-Tr\u00e4gers.<\/p>\n<\/div>\n\n\n\n<div class=\"wp-block-column is-layout-flow wp-block-column-is-layout-flow\">\n<p style=\"margin-left:var(--wp--preset--spacing--40);font-size:18px;line-height:2\">Wir bieten mehrst\u00fcndige, ein- oder auch mehrt\u00e4gige Fortbildungen, Workshops, digitale und analoge Vortr\u00e4ge sowie die Durchf\u00fchrung von Elternabenden hierzu an.<\/p>\n<\/div>\n<\/div>\n\n\n\n<div class=\"wp-block-columns alignwide has-background is-layout-flex wp-container-core-columns-is-layout-dad3e275 wp-block-columns-is-layout-flex\" style=\"background-color:#ffffff00;margin-top:0;margin-bottom:0;padding-top:var(--wp--preset--spacing--40);padding-right:0;padding-bottom:var(--wp--preset--spacing--40);padding-left:var(--wp--preset--spacing--50)\">\n<div class=\"wp-block-column is-layout-flow wp-block-column-is-layout-flow\" style=\"padding-right:var(--wp--preset--spacing--40);padding-left:var(--wp--preset--spacing--30);font-size:40px\">\n<h2 class=\"wp-block-heading has-text-align-left\" style=\"margin-right:var(--wp--preset--spacing--40);padding-right:0;font-size:24px;line-height:2\">Wir analysieren und reflektieren mit Ihnen beispielsweise:<\/h2>\n<\/div>\n\n\n\n<div class=\"wp-block-column is-layout-flow wp-container-core-column-is-layout-b674dc80 wp-block-column-is-layout-flow\" style=\"padding-left:0;font-size:40px\">\n<p style=\"padding-right:var(--wp--preset--spacing--30);padding-left:0;font-size:24px;line-height:2\">Wir beraten und begleiten Sie beispielsweise bei der<\/p>\n<\/div>\n\n\n\n<div class=\"wp-block-column is-layout-flow wp-block-column-is-layout-flow\">\n<h2 class=\"wp-block-heading\" style=\"margin-right:var(--wp--preset--spacing--30);margin-left:0;padding-right:var(--wp--preset--spacing--30);padding-left:0;font-size:24px;line-height:2\">Wir geben Einf\u00fchrungen in folgende Themenbereiche:<\/h2>\n<\/div>\n<\/div>\n\n\n\n<div class=\"wp-block-columns alignwide has-background is-layout-flex wp-container-core-columns-is-layout-fc3c8bae wp-block-columns-is-layout-flex\" style=\"background-color:#ffffff00;padding-top:var(--wp--preset--spacing--40);padding-right:0;padding-bottom:var(--wp--preset--spacing--40);padding-left:var(--wp--preset--spacing--50)\">\n<div class=\"wp-block-column is-layout-flow wp-block-column-is-layout-flow\" style=\"font-size:40px;line-height:2\">\n<ul class=\"wp-block-list\">\n<li style=\"font-size:18px\">Welche Ziele verfolgt die Tr\u00e4ger mit der digitalen Transformation?<\/li>\n\n\n\n<li style=\"font-size:18px\">Welches Verst\u00e4ndnis von digitaler Transformation und Medienbildung gibt es beim Tr\u00e4ger und seinen Kitas?<\/li>\n\n\n\n<li style=\"font-size:18px\">Welches Verst\u00e4ndnis von digitaler Transformation und Medienbildung transportiert der Tr\u00e4ger und seine Kitas nach au\u00dfen?<\/li>\n\n\n\n<li style=\"font-size:18px;line-height:2\">Inwieweit beg\u00fcnstigen bzw. hemmen Rahmenbedingungen, Strukturen und Konzepte von Tr\u00e4gern und Kitas die Umsetzung von digitalen Transformationsstrategien und Medienbildungsprozesse unter den Mitarbeiter:innen?<\/li>\n\n\n\n<li style=\"font-size:18px\">\u00dcber welche medienp\u00e4dagogische Kompetenzen verf\u00fcgen die Mitarbeiter:innen?<\/li>\n\n\n\n<li style=\"font-size:18px\">Wie stehen die Mitarbeiter:innen und Eltern zur Medienbildung?<\/li>\n<\/ul>\n<\/div>\n\n\n\n<div class=\"wp-block-column is-layout-flow wp-block-column-is-layout-flow\" style=\"font-size:40px;line-height:2\">\n<ul class=\"wp-block-list\" style=\"font-size:18px\">\n<li style=\"line-height:2\">Unterst\u00fctzung bei der Auswahl und Implementierung vielf\u00e4ltiger digitaler Kita-Softwarel\u00f6sungen (Verwaltungs-, Kommunikations- und Beobachtungs- sowie Dokumentationsl\u00f6sungen)<\/li>\n\n\n\n<li style=\"line-height:2\">Entwicklung und Umsetzung einer Digitalisierungsstrategie<\/li>\n\n\n\n<li style=\"line-height:2\">Entwicklung und Begleitung eines Pilotprogramms \u201eDigitalisierung\u201c bei ausgew\u00e4hlten Kindertageseinrichtungen sowie Evaluation des Pilotprogramms<\/li>\n\n\n\n<li style=\"line-height:2\">Entwicklung und Umsetzung eines medienp\u00e4dagogischen Konzepts<\/li>\n\n\n\n<li style=\"line-height:2\">Erstellung eines medienp\u00e4dagogischen Fortbildungskonzepts f\u00fcr Ihre Mitarbeiter:innen<\/li>\n<\/ul>\n<\/div>\n\n\n\n<div class=\"wp-block-column is-layout-flow wp-block-column-is-layout-flow\">\n<ul class=\"wp-block-list\" style=\"margin-right:var(--wp--preset--spacing--30);font-size:18px\">\n<li style=\"line-height:2\">Handlungsempfehlungen und Tipps zum Einsatz digitaler Medien in der Kita<\/li>\n\n\n\n<li style=\"line-height:2\">Digitale Transformationsprozesse in der Kita planen, gestalten und umsetzen<\/li>\n\n\n\n<li style=\"line-height:2\">Digitale Transformation \u2013 Chancen, Herausforderungen und Risiken<\/li>\n\n\n\n<li style=\"line-height:2\">Welches Verst\u00e4ndnis von \u201eMedien\u201c gibt es in Ihrer Organisation \u2013 von Buntstift bis Tablet, von Gesang bis Rollenspiel, von app bis game?<\/li>\n\n\n\n<li style=\"line-height:2\">Medienkompetenz und Medieneinsatz in der Kita<\/li>\n\n\n\n<li style=\"line-height:2\">Einstellungen und Haltungen zur Digitalisierung im Feld der fr\u00fchen Bildung sowie zum Stand der Medienkompetenz bei Erzieher:innen: Ergebnisse aktueller Studien<\/li>\n\n\n\n<li style=\"line-height:2\">Aktuelle Softwarel\u00f6sungen f\u00fcr Kita-Tr\u00e4ger und Kitas in Bezug auf Tr\u00e4ger- und Kita-Verwaltung, Beobachtungs- und Dokumentationsverfahren sowie in Bezug auf die Kommunikation zwischen Kita und Eltern bzw. zwischen den Fachkr\u00e4ften untereinander<\/li>\n<\/ul>\n<\/div>\n<\/div>\n","protected":false},"excerpt":{"rendered":"<p>Medienwechselkompetenz &#8211; technisch und didaktisch Digitalisierung ist ein umfassender Prozess, der immer sowohl organisatorische als auch inhaltliche, also p\u00e4dagogisch-didaktische Aspekte von Bildungsinstitutionen ber\u00fchrt, herausfordert und ver\u00e4ndert. F\u00fcr uns geh\u00f6rt beides untrennbar zusammen: Organisation, Technik und Didaktik. Bei der Entwicklung der dazu n\u00f6tigen Medienwechselkompetenz m\u00f6chten wir Sie unterst\u00fctzen. Bestandsanalyse&amp; Perspektiven Beratung &amp; Begleitung Fortbildungen &amp; Vortr\u00e4ge [&hellip;]<\/p>\n","protected":false},"author":1,"featured_media":0,"parent":1073,"menu_order":0,"comment_status":"closed","ping_status":"closed","template":"","meta":{"zakra_page_container_layout":"stretched","zakra_page_sidebar_layout":"no_sidebar","zakra_remove_content_margin":false,"zakra_sidebar":"customizer","zakra_transparent_header":"customizer","zakra_logo":0,"zakra_main_header_style":"default","zakra_menu_item_color":"","zakra_menu_item_hover_color":"","zakra_menu_item_active_color":"","zakra_menu_active_style":"","zakra_page_header":true,"footnotes":""},"class_list":["post-1075","page","type-page","status-publish","hentry"],"_links":{"self":[{"href":"https:\/\/igffb.de\/index.php?rest_route=\/wp\/v2\/pages\/1075","targetHints":{"allow":["GET"]}}],"collection":[{"href":"https:\/\/igffb.de\/index.php?rest_route=\/wp\/v2\/pages"}],"about":[{"href":"https:\/\/igffb.de\/index.php?rest_route=\/wp\/v2\/types\/page"}],"author":[{"embeddable":true,"href":"https:\/\/igffb.de\/index.php?rest_route=\/wp\/v2\/users\/1"}],"replies":[{"embeddable":true,"href":"https:\/\/igffb.de\/index.php?rest_route=%2Fwp%2Fv2%2Fcomments&post=1075"}],"version-history":[{"count":74,"href":"https:\/\/igffb.de\/index.php?rest_route=\/wp\/v2\/pages\/1075\/revisions"}],"predecessor-version":[{"id":1745,"href":"https:\/\/igffb.de\/index.php?rest_route=\/wp\/v2\/pages\/1075\/revisions\/1745"}],"up":[{"embeddable":true,"href":"https:\/\/igffb.de\/index.php?rest_route=\/wp\/v2\/pages\/1073"}],"wp:attachment":[{"href":"https:\/\/igffb.de\/index.php?rest_route=%2Fwp%2Fv2%2Fmedia&parent=1075"}],"curies":[{"name":"wp","href":"https:\/\/api.w.org\/{rel}","templated":true}]}}